 = -z**3 + z**2 + 11*z + 11. Let f(l) = -3*l**3 + 2*l**2 + 32*l + 32. Let h(p) = 17*b(p) - 6*f(p). What is h(-6)?
-11
Let z(x) = 3 + 87*x + 119*x**2 - 85*x - 120*x**2. Suppose 3*p + 2 = 2*p. What is z(p)?
-5
Let o(d) = -5*d**3 + 2*d**3 - 23 + 23 + 6*d**3. Calculate o(-1).
-3
Let c(o) = 1. Let v(i) = 6. Let t(d) = -5*c(d) + v(d). Let p(l) = -2 + l - 6 + 6 + 0. Let q(k) = p(k) + 4*t(k). Calculate q(-6).
-4
Let o(s) = -s + 10. Let q be o(8). Let n(l) = 2*l + 2 + 0*l**2 - 3*l**q + 2 - 3. Give n(-1).
-4
Let g(n) = -n + 13. Suppose -7 = 3*o - 4, 49 = 3*k - 4*o. Calculate g(k).
-2
Let d(p) = -3*p**3 + 38*p**2 - 10*p + 4. Let c(q) = q**3 - 13*q**2 + 3*q - 1. Let a(x) = 17*c(x) + 6*d(x). Let h(k) = -4*k + 142. Let b be h(34). Give a(b).
-11
Suppose 10 = -l + 3*l - 3*z, 3*l + 4*z = 15. Let r(i) = 6*i - 9*i - l + 1. Determine r(-4).
8
Let u be (-36)/((60/8)/(-5)). Let z = -14 + u. Let i = z - 11. Let j(p) = -p + 1. Determine j(i).
2
Let c(x) = x - 1. Let f(k) be the first derivative of -1 - 16*k + 1/2*k**2. Let i be f(12). Give c(i).
-5
Let d be (-86)/(-18) + 2/9. Let i(x) = -x**2 - 1. Let r(b) = -b**3 + 6*b**2 + 7*b - 1. Let k(w) = -2*i(w) - r(w). Determine k(d).
-7
Let w(a) be the first derivative of 1/3*a**3 + 5*a - 1 - 9/2*a**2. Calculate w(8).
-3
Let h(l) be the third derivative of l**6/180 - 7*l**5/120 + 5*l**4/24 - 25*l**3/6 + 6*l**2. Let i(y) be the first derivative of h(y). Determine i(4).
9
Let u be (3 - 3)*1/3. Let k(a) = a**3 - a - 1. Let c(h) = -3*h**3 - h**2 + 2*h - 11. Let b(n) = c(n) + 2*k(n). Calculate b(u).
-13
Suppose 2*y - 4*z = 0, -4*y - 10 = -2*z - z. Let r(m) = -2*m**3 - 5*m**2 + 4*m + 5. What is r(y)?
37
Let p = -58 + 61. Let c(r) = 5*r + 0 - 4 + p*r - r**2 - 1. Determine c(6).
7
Let n(k) = -k**2 - 6*k - 87 - 85 + 170. Suppose -2*b - 5 = -3*b. Suppose -5*a - 2*w = 2*w + 20, 0 = 5*a + b*w + 20. Calculate n(a).
6
Suppose -15 + 12 = -3*p. Let b(q) be the third derivative of -q**2 - 1/24*q**4 + 0*q - 1/30*q**5 + 0 + 0*q**3. Give b(p).
-3
Let w(v) = -v + 14. Suppose -42*t + 54*t - 132 = 0. What is w(t)?
3
Let i = 45 - -20. Let l be 3/(-5) - (-104)/i. Let d(k) be the first derivative of 7*k**3/3 - k**2 + k - 1. Calculate d(l).
6
Let p = -33 + 21. Let g(i) = i**2 + 15*i + 30. Determine g(p).
-6
Let l(a) be the first derivative of a**3/3 + 2*a**2 + a - 81. What is l(-7)?
22
Suppose 6*s - s - 15 = 0. Let f(l) = -7*l**2 + l + 10. Let n(c) = 13*c**2 - 2*c - 19. Let h(m) = -11*f(m) - 6*n(m). Give h(s).
-2
Let o(t) = -t**2 + 7*t - 4. Let a be 78/12 + 7/14. Determine o(a).
-4
Let f = 6 - -4. Let l be f/35 - (-341)/7. Let x be 231/l - 2/(-7). Let p(v) = v**2 - 6*v + 7. Determine p(x).
2
Let k(u) be the second derivative of -u**5/20 + u**4/6 - u**3/3 + 63*u. Let h(p) = 3*p - 1. Let n be h(1). Determine k(n).
-4
Suppose 2*x - 6 = 8. Let f(z) = 1. Let v(o) = -o**2 + 7*o - 6. Let a(t) = 4*f(t) + v(t). Let l be a(x). Let u(b) = -b**3 - 2*b**2 + 2*b - 1. Calculate u(l).
-5
Let h(v) = 9*v**3 + 9*v**2 + 11*v - 1. Let x(j) = -j + 3. Let r be x(-8). Let o(m) = 5*m**3 + 5*m**2 + 6*m. Let a(n) = r*o(n) - 6*h(n). What is a(0)?
6
Let c be 3 - 27/3 - -2. Let s(i) = -i**2 - 7*i - 6. Let w be s(c). Let m(p) = 0 - 3 - p - 2*p - p**2 + 9*p. Determine m(w).
-3
Let r(t) = 46*t - 48. Let n be r(1). Let x(g) = 10*g**2 - 4*g - 3. What is x(n)?
45
Let y(c) = c + 18. Let q(v) = v**2 - 12*v - 6. Let u be q(11). Determine y(u).
1
Let k(a) be the second derivative of -a**4/12 - 3*a**3/2 + a**2 - 19*a - 3. Give k(-9).
2
Let d(f) = 4*f - 4*f + 1 - f. Suppose 8 + 27 = -5*m. Let b = m + 11. Determine d(b).
-3
Let r(u) = 5*u - 7. Let x(g) = -9*g**2 + 233*g + 23. Let h be x(26). Determine r(h).
-22
Let g(o) = o**2 - 4*o - 7. Let u be g(6). Suppose -u*m = -13 - 7. Suppose -2*k = 2*k - m*v + 4, 0 = 3*k - 4*v - 2. Let q(x) = x + 8. Calculate q(k).
2
Let x(q) = q**2 - q. Let t be 1 + 124/12*3. Suppose -3*k - 119 = -26. Let i = k + t. Give x(i).
0
Suppose 0 = -6*g + 13*g - 49. Let h(b) = -b + 13. What is h(g)?
6
Let y(k) = 1. Let t(h) = h - 7. Let w(z) = -t(z) + y(z). Let r = 3 - 1. Suppose -r*q + q = -5. Give w(q).
3
Let d(n) = -5*n**2 + 19*n + 11. Let m(j) = -3*j**2 + 10*j + 5. Let i(p) = 4*d(p) - 7*m(p). Give i(-3).
0
Let i = 81 + -94. Let o(k) = -k**3 - 14*k**2 - 12*k + 22. Let p be o(i). Let a(g) = -g**2 - 3 + 3 + 8*g - 5 + g. What is a(p)?
-5
Let k(r) be the third derivative of -5*r**4/24 + r**3/6 + r**2. Let g(b) = b**2 + 4*b - 5. Let y be g(-5). Let d be 6 - 5 - (0 + y). Calculate k(d).
-4
Let v(t) = 5*t + 0*t**3 - t**3 - 2 - 3 - 4*t**2. Let j be (12/8)/((-3)/(-4)). Suppose -15 = 3*w - x, -x = j*x. What is v(w)?
-5
Let v(a) = a + 2. Let k(t) = t + 28. Let m be k(0). Let h be (m/(-21))/(2/24). Let g = 14 + h. Determine v(g).
0
Let m be 14/6*900/210. Let g(v) = -4*v + 35. What is g(m)?
-5
Suppose -a = -c + 25, 0*c + 3*a + 19 = c. Suppose 40*g = 46*g - 78. Let h(f) = c - g - f - 13. Give h(0).
2
Suppose -2*w + 30*j = 31*j + 8, 0 = -4*w - 5*j - 16. Let d(h) = -h**3 + 1. Determine d(w).
65
Let w(t) be the first derivative of -t**5/60 + t**4/2 - 7*t**3/3 + 9*t**2/2 + 2. Let v(m) be the second derivative of w(m). Give v(10).
6
Let w(k) = -k**3 + k**2 + 2*k - 1. Suppose 0 = 5*t - 20, 0*d + 19 = -d + 5*t. Let r be 3 + d - (-24)/(5 + -9). Determine w(r).
7
Let t(b) = -48*b**2 - 8*b + 15. Let z(y) = -21*y**2 - 3*y + 7. Let p(i) = 3*t(i) - 7*z(i). Let m be 2/((8/3)/4). Give p(m).
14
Let w = 46 - 67. Let d be ((-18)/(-7))/((-3)/w). Let s = -15 + d. Let f(r) = -2*r - 1. Determine f(s).
-7
Let q be 3 + 0*2/4. Suppose -16 = -q*w + 2*n, 5*n + 4 = -w - 19. Let a(j) = -2*j - 2*j + 4*j + w*j + j**2. What is a(-1)?
-1
Let u(w) = -w**3 + 5*w**2 - 6*w + 3. Let g = -345 - -350. Determine u(g).
-27
Let q(z) = -z**2 + 11*z - 18. Let k be q(8). Suppose -4 = k*v - 10*v. Let u(b) = -13*b**3 + b**2 - 1. Determine u(v).
-13
Suppose 9*z = 672 - 510. Let u(d) = -d**2 + 20*d - 27. Determine u(z).
9
Let t(g) = g + 1. Let m be (4/(-6))/((-6)/45). Suppose m = -k - 0. Let u = k - -1. Calculate t(u).
-3
Let f(j) be the second derivative of -j**4/12 + j**2 + 3*j. Let x = -72 + 76. Give f(x).
-14
Let h(l) = -2*l**3 - 6*l**2 - 12*l - 15. Let b be h(-2). Let d(x) = 8*x + 1. What is d(b)?
9
Let v(o) = 11*o + 1. Let m be -2 + (-1)/(1/(-4)). What is v(m)?
23
Let m(p) = 3 - 2*p**2 + 0*p**2 + 20*p**3 - 2*p**2 - 7*p + 3*p - 21*p**3. Calculate m(-2).
3
Let h(u) = -u**3 + 4*u**2 + 5*u + 4. Let l(y) = -y**3 - 5*y**2 + 12*y - 9. Let k be (-51)/7 + (-2)/(-7). Let o be l(k). What is h(o)?
4
Let x(s) = s**3 + 6*s**2 + 10*s + 3. Let t(l) = -l**2 - 2*l. Let c(w) = 4*t(w) + x(w). Determine c(-2).
-1
Let j be 3/12 + 23/4. Suppose 3*t - 3 = j. Suppose v = t*n - 10 + 2, -5*n = -4*v - 18. Let m(u) = u**3 - 3*u**2 - u. Determine m(n).
-6
Let b(z) = -21*z - 17. Let s(u) = 4*u + 3. Let j(o) = 2*b(o) + 11*s(o). Determine j(3).
5
Let u be ((-3)/5)/(6/(-30)). Let j(r) = -3*r - r**2 + r**u + 0*r**3 - 4*r**2 - 3*r + 8. Calculate j(6).
8
Let t(s) be the second derivative of s**5/20 + s**4/2 - 4*s**3/3 - 2*s**2 + 11*s + 6. Calculate t(-7).
3
Let g(i) be the second derivative of -7*i**5/20 + i**3/6 + i**2/2 + 5*i. Let v = -23 + 22. What is g(v)?
7
Let n(b) = b**3 - 10*b**2 - 3*b + 2. Let p(v) = -2*v**3 + 19*v**2 + 5*v - 5. Let r(g) = -7*n(g) - 4*p(g). Give r(5).
-14
Let g(c) = 2*c**2 - 1. Let o(n) = n**3 + 56*n**2 - 61*n - 223. Let k be o(-57). What is g(k)?
49
Let m(h) be the third derivative of h**6/30 + h**5/30 - h**4/24 - h**3/6 + 17*h**2. Let t be (((-7)/3)/(-7))/((-1)/6). Give m(t).
-23
Suppose -16 = 5*y - 41. Let w(x) = 3 + y*x + 19*x**2 - 4 - 18*x**2 - 1. Suppose -4*u - 36 = -4*j, 0*u - 2*u = -3*j + 21. Determine w(u).
4
Let u(a) = 8*a + 7. Suppose 5*n + 18 + 2 = 0. Determine u(n).
-25
Suppose -15*c + 12*c - 63 = 0. Let y(p) = 2*p + 45. Let l be y(c). Let n(o) = o**3 - 4*o**2 + 3. Give n(l).
-6
Let p(v) = -11*v + 1. Let x = 54 - 6. Let w = -47 + x. Give p(w).
-10
Let w(s) = 16 - 4*s + 2*s - 24 + s - 16. Give w(-22).
-2
Let k(l) = 95 - 44 - 44*l - 52. Give k(-1).
43
Let c(z) = 216*z - 2 - z**2 - 425*z + 213*z. Give c(3).
1
Let f(j) be the first derivative of j**4/4 - 8*j**3/3 + 2*j**2 - 9*j - 143. Give f(7).
-30
Let v = -62 + 87. Let g be 15*(-5 + (-392)/(-35) + -6). Let l(i) = -v - g*i + 2*i + 25. Give l(3).
-3
Let s(t) be the third der